f 20 and 10.
10
Calculate the greatest common divisor of 41 and 451.
41
What is the highest common factor of 9 and 381?
3
Calculate the greatest common divisor of 25 and 35.
5
What is the greatest common factor of 6 and 1242?
6
Calculate the greatest common divisor of 657 and 2993.
73
Calculate the greatest common divisor of 39 and 30615.
39
What is the highest common factor of 22 and 6523?
11
Calculate the greatest common divisor of 27 and 9.
9
Calculate the greatest common factor of 29676 and 36.
12
Calculate the greatest common divisor of 2676 and 36.
12
Calculate the highest common factor of 42 and 112.
14
Calculate the highest common divisor of 48 and 3216.
48
What is the highest common divisor of 56 and 196?
28
Calculate the greatest common divisor of 260 and 910.
130
Calculate the highest common divisor of 32 and 1968.
16
Calculate the highest common factor of 60 and 2292.
12
Calculate the highest common divisor of 15 and 335.
5
Calculate the highest common factor of 5513 and 1639.
149
Calculate the highest common factor of 168 and 192.
24
What is the highest common divisor of 85 and 20655?
85
Calculate the highest common divisor of 1288 and 56.
56
What is the greatest common divisor of 20 and 400?
20
What is the greatest common divisor of 1219 and 106?
53
Calculate the greatest common factor of 92 and 598.
46
What is the greatest common divisor of 530 and 10?
10
Calculate the greatest common factor of 10064 and 204.
68
What is the highest common divisor of 180 and 20?
20
What is the highest common divisor of 651 and 9331?
217
What is the highest common factor of 191 and 12224?
191
What is the highest common factor of 10 and 85?
5
Calculate the greatest common divisor of 22624 and 16.
16
Calculate the greatest common factor of 8 and 4232.
8
What is the greatest common divisor of 42 and 14?
14
Calculate the highest common factor of 37 and 185.
37
Calculate the highest common divisor of 143 and 234.
13
Calculate the greatest common divisor of 13753 and 17.
17
What is the greatest common divisor of 11786 and 994?
142
Calculate the greatest common divisor of 405 and 45.
45
What is the greatest common factor of 36 and 12?
12
Calculate the highest common divisor of 34 and 629.
17
What is the greatest common factor of 340 and 1445?
85
Calculate the highest common divisor of 1215 and 12.
3
Calculate the greatest common divisor of 414 and 46.
46
What is the greatest common factor of 22 and 902?
22
What is the highest common divisor of 40 and 580?
20
What is the greatest common factor of 3 and 3693?
3
Calculate the highest common factor of 3688 and 8.
8
What is the highest common factor of 60 and 460?
20
What is the greatest common factor of 45 and 5?
5
Calculate the highest common factor of 78 and 39.
39
Calculate the highest common divisor of 1928 and 32.
8
What is the highest common factor of 3276 and 208?
52
Calculate the greatest common divisor of 8162 and 154.
154
Calculate the greatest common divisor of 917 and 7.
7
Calculate the highest common divisor of 26 and 26.
26
Calculate the greatest common divisor of 27553 and 934.
467
What is the highest common divisor of 159 and 3?
3
Calculate the highest common factor of 42 and 1561.
7
Calculate the greatest common divisor of 558 and 62.
62
What is the greatest common factor of 80 and 5?
5
Calculate the highest common factor of 90 and 240.
30
What is the highest common factor of 4501 and 7?
7
What is the highest common divisor of 38 and 18202?
38
Calculate the greatest common divisor of 384 and 12.
12
Calculate the greatest common divisor of 342 and 532.
38
Calculate the greatest common factor of 1819 and 85.
17
Calculate the greatest common factor of 918 and 442.
34
What is the highest common divisor of 312 and 4716?
12
What is the highest common factor of 24 and 9624?
24
What is the highest common factor of 15 and 215?
5
Calculate the greatest common divisor of 320 and 96.
32
What is the greatest common divisor of 90 and 216?
18
What is the greatest common factor of 6 and 192?
6
Calculate the highest common divisor of 391 and 119.
17
Calculate the greatest common divisor of 120764 and 76.
76
Calculate the highest common factor of 51 and 2703.
51
What is the greatest common divisor of 24 and 324?
12
Calculate the greatest common divisor of 54 and 2178.
18
What is the highest common factor of 35 and 93695?
35
Calculate the highest common divisor of 39036 and 12.
12
Calculate the highest common factor of 70 and 110.
10
Calculate the highest common divisor of 233 and 1.
1
What is the highest common factor of 1434 and 72?
6
What is the greatest common factor of 1924 and 37?
37
Calculate the greatest common divisor of 50 and 70.
10
Calculate the highest common factor of 56 and 658.
14
Calculate the highest common factor of 156 and 27690.
78
What is the greatest common divisor of 1038 and 66?
6
Calculate the highest common divisor of 11050 and 10.
10
What is the greatest common divisor of 8 and 337?
1
What is the greatest common divisor of 54 and 24?
6
What is the highest common divisor of 30 and 1185?
15
Calculate the highest common factor of 1772 and 12.
4
What is the highest common factor of 1173 and 6831?
69
What is the highest common divisor of 6142 and 962?
74
Calculate the greatest common factor of 36 and 19.
1
What is the greatest common factor of 935 and 102?
17
What is the greatest common factor of 108 and 8?
4
What is the highest common divisor of 217 and 63?
7
Calculate the greatest common factor of 8 and 8.
8
Calculate the highest common divisor of 54 and 999.
27
What is the greatest common factor of 3108 and 14?
14
What is the greatest common factor of 246 and 64698?
246
What is the greatest common divisor of 8653 and 51?
17
Calculate the greatest common divisor of 110 and 3135.
55
What is the highest common factor of 573 and 2101?
191
What is the greatest common divisor of 608 and 513?
19
What is the greatest common factor of 12 and 17076?
12
Calculate the highest common factor of 464 and 16.
16
What is the greatest common divisor of 27 and 25164?
27
What is the highest common divisor of 9919 and 91?
91
What is the greatest common factor of 69 and 115?
23
What is the greatest common divisor of 5301 and 342?
171
Calculate the greatest common factor of 594 and 110.
22
What is the greatest common divisor of 7739 and 436?
109
Calculate the highest common divisor of 17 and 14059.
17
Calculate the greatest common divisor of 11 and 671.
11
What is the greatest common divisor of 504 and 56?
56
What is the greatest common divisor of 932 and 4?
4
Calculate the greatest common divisor of 2 and 36.
2
What is the highest common factor of 2208 and 768?
96
What is the greatest common factor of 4450 and 89?
89
Calculate the highest common divisor of 110 and 260.
10
What is the highest common factor of 78 and 182?
26
Calculate the highest common divisor of 13956 and 12.
12
Calculate the greatest common divisor of 7540 and 780.
260
Calculate the highest common factor of 216 and 396.
36
Calculate the highest common factor of 9088 and 128.
128
What is the highest common factor of 12 and 384?
12
Calculate the greatest common factor of 357 and 153.
51
Calculate the greatest common divisor of 203 and 28.
7
Calculate the greatest common divisor of 16 and 272.
16
What is the highest common divisor of 5064 and 18?
6
Calculate the greatest common factor of 539 and 187.
11
What is the highest common factor of 14 and 706?
2
Calculate the highest common divisor of 88 and 396.
44
What is the highest common factor of 4 and 3296?
4
Calculate the highest common divisor of 52 and 14.
2
What is the greatest common divisor of 10307 and 11?
11
Calculate the greatest common divisor of 82 and 4141.
41
What is the greatest common factor of 78 and 6?
6
What is the greatest common divisor of 11 and 7403?
11
Calculate the highest common factor of 404 and 4949.
101
What is the highest common divisor of 8109 and 306?
153
Calculate the greatest common divisor of 37 and 37.
37
Calculate the highest common factor of 141 and 47.
47
Calculate the greatest common divisor of 196 and 20.
4
What is the highest common divisor of 1403 and 23?
23
What is the greatest common divisor of 68 and 85?
17
What is the highest common divisor of 